{"id":114,"date":"2014-04-02T16:47:23","date_gmt":"2014-04-02T16:47:23","guid":{"rendered":"http:\/\/7encontrolbhm.spm.pt\/site\/?page_id=114"},"modified":"2014-04-07T15:17:47","modified_gmt":"2014-04-07T15:17:47","slug":"encontros-do-snhm","status":"publish","type":"page","link":"https:\/\/7encontrolbhm.spm.pt\/site\/encontros-do-snhm\/","title":{"rendered":"Encontros do SNHM"},"content":{"rendered":"<p style=\"text-align: justify;\">Levantamento dos Encontros Nacionais do Semin\u00e1rio Nacional de Hist\u00f3ria da Matem\u00e1tica, com indica\u00e7\u00e3o dos convidados n\u00e3o portugueses.<\/p>\n<p style=\"text-align: justify;\"><strong>1\u00ba Encontro:<\/strong> Braga, Universidade do Minho, Abril de 1988. Convidado: Ubiratan D\u2019Ambr\u00f3sio, ent\u00e3o da Universidade de Campinas, Brasil.<br \/>\n<strong>2\u00ba Encontro:<\/strong> Lisboa, Complexo Interdisciplinar da Universidade de Lisboa, Novembro de 1988. Convidado: Christian Houzel, da Universidade de Paris XIII.<br \/>\n<strong>3\u00ba Encontro:<\/strong> Lisboa, Complexo Interdisciplinar da Universidade de Lisboa, Mar\u00e7o de 1989. Convidado: Jean Dhombres, do CNRS e da Universidade de Nantes.<br \/>\n<strong>4\u00ba Encontro:<\/strong> Coimbra, Departamento de Matem\u00e1tica da Universidade de Coimbra, Abril de 1990. Convidado: Ivor Grattan-Guinness, da Royal Society de Londres.<br \/>\n<strong>5\u00ba Encontro:<\/strong> Lisboa, Departamento de Matem\u00e1tica da Faculdade de Ci\u00eancias de Lisboa, Mar\u00e7o de 1993. Convidado: Eduardo Ortiz, do Imperial College, Universidade de Londres.<br \/>\n<strong>6\u00ba Encontro:<\/strong> Coimbra, Departamento de Matem\u00e1tica da Universidade de Coimbra, Maio de 1994. Convidado: John Fauvel, da Open University, Milton Keynes.<br \/>\n<strong>7\u00ba Encontro:<\/strong> Coimbra, Departamento de Matem\u00e1tica da Universidade de Coimbra, Novembro de 1995. Convidados: Catherine Jami, do CNRS, Paris, e Han Qi, do Institute for the History of Natural Science, Beijing.<br \/>\n<strong>8\u00ba Encontro:<\/strong> Porto, Departamento de Matem\u00e1tica da Faculdade de Ci\u00eancias do Porto, Julho de 1996. Convidados: Ubiratan D\u2019Ambr\u00f3sio, da Sociedade Brasileira de Hist\u00f3ria da Ci\u00eancia, S\u00e9rgio Nobre, da Universidade Estadual Paulista, e Circe Mary Silva da Silva, da Universidade Estadual do Esp\u00edrito Santo, Brasil.<br \/>\n<strong>9\u00ba Encontro:<\/strong> Coimbra, Departamento de Matem\u00e1tica da Universidade de Coimbra, Novembro de 1997. Convidados: Ubiratan D\u2019Ambr\u00f3sio e Eleanor Robson, da Universidade de Oxford.<br \/>\n<strong>10\u00ba Encontro:<\/strong> Monte da Caparica, Universidade Nova de Lisboa, Janeiro de 1998. Convidado: Ivor Grattan-Guinness.<br \/>\n<strong>11\u00ba Encontro:<\/strong> Departamento de Matem\u00e1tica da Universidade de Aveiro, Janeiro de 1999. Convidado: Eberhard Knobloch, da Technische Universitat Berlin.<br \/>\n<strong>12\u00ba Encontro:<\/strong> Lisboa, Complexo Interdisciplinar da Universidade de Lisboa, Dezembro de 1999. Convidados: David Crilly, da Anglia University, Cambridge, e \u00d3scar Abdounur, da Universidade de S. Paulo.<br \/>\n<strong>13\u00ba Encontro:<\/strong> Escola Superior de Educa\u00e7\u00e3o de Castelo Branco, Maio de 2001. Convidado: Gert Schubring, da Universidade de Bielefeld.<br \/>\n<strong>14\u00ba Encontro:<\/strong> Departamento de Matem\u00e1tica da Universidade de \u00c9vora, Abril de 2002. Convidados:\u00a0 Hans Niels Jahnke, da Universidade de Essen, e Reinhard Kahle, da Universidade de T\u00fcbingen.<br \/>\n<strong>15\u00ba Encontro:<\/strong> Coimbra, Departamento de Matem\u00e1tica da Universidade de Coimbra, Novembro de 2002 (Integrado na Confer\u00eancia Internacional \u201cPedro Nunes e a Ci\u00eancia do seu Tempo\u201d). Convidados: Giovanna Cifoletti, do Centro Koyr\u00e9, Jos\u00e9 Chabas, da Universidade Pompeu Fabra, Barcelona, Jens Hoyrup, da Universidade de Roskilde, Dinamarca, Mariano Esteban Pi\u00f1eiro, da Faculdade de Ci\u00eancias de Valladolid, e Alison Sandman, do Dibner Institute, Cambridge, Massachussets.<br \/>\n<strong>\u00a016\u00ba Encontro:<\/strong> Coimbra, Departamento de Matem\u00e1tica da Universidade de Coimbra, Julho de 2003. Convidados: V\u00edctor Navarro Brotons, da Universidade de Val\u00eancia, e Pedro Ru\u00edz Castell, das Universidades de Val\u00eancia e de Oxford.<br \/>\n<strong>17\u00ba Encontro:<\/strong> Lisboa, Museu de Ci\u00eancia da Universidade de Lisboa, Junho de 2004. Convidado: Enrico Giusti, da Universidade de Floren\u00e7a.<br \/>\n<strong>18\u00ba Encontro:<\/strong> Lisboa, Museu de Ci\u00eancia da Universidade de Lisboa \/Complexo Interdisciplinar da Universidade de Lisboa, Novembro de 2005. Convidado: Jean Mawhin, da Universidade Cat\u00f3lica de Louvain.<br \/>\n<strong>19\u00ba Encontro:<\/strong> Aveiro, Departamento de Matem\u00e1tica da Universidade de Aveiro, Junho de 2006. Convidados: Karin Reich (Universidade de Hamburgo),\u00a0 Gerhard Wanner, (Universidade de Gen\u00e8ve), e Ubiratan D\u2019Ambr\u00f3sio (Universidade de S. Paulo).<br \/>\n<strong>20\u00ba Encontro:<\/strong> Lisboa, Museu de Ci\u00eancia da Universidade de Lisboa, Dezembro 2007. Convidado: Bernard R. Hodgson (Secret\u00e1rio Geral do ICMI, Univ. Laval, Quebec, Canad\u00e1).<br \/>\n<strong>21\u00ba Encontro:<\/strong> Porto, Departamento de Matem\u00e1tica Pura da Faculdade de Ci\u00eancias da Universidade do Porto, Mar\u00e7o de 2008, na celebra\u00e7\u00e3o do 20\u00ba anivers\u00e1rio do Semin\u00e1rio. Convidados: Ivor Grattan-Guinness (Middlesex University), Jean Dhombres (CNRS) e Javier docampo Rey (Santiago de Compostela).<br \/>\n<strong>22\u00ba Encontro:<\/strong> Lisboa, Museu de Ci\u00eancia da Universidade de Lisboa, Setembro de 2009, coincidindo com a confer\u00eancia internacional\u00a0 \u201cHistory of Astronomy in Portugal: Theories, Institutions and Practices\u201d. Convidados: Ugo Baldini (Universidade de P\u00e1dua), Jos\u00e9 Chabas (Universidade Pompeu Fabra, Barcelona), Roberto Martins (UNICAMP, Brasil), S\u00e9rgio Nobre (UNESP, Brasil), Carlos Ziller Camenietzsky (UFRJ, Brasil), Jim Bennett (Museu Hist\u00f3ria da Ci\u00eancia, Universidade de Oxford), Michael Hoskin (Universidade de Cambridge) e Jos\u00e9 Vaquero (Universidade de Extremadura).<br \/>\n<strong>23\u00ba Encontro:<\/strong> Universidade de \u00c9vora, Junho de 2010. Convidados: Eberhard Knobloch e Victor Navarro Brotons<br \/>\n<strong>24\u00ba Encontro:<\/strong> Escola Naval, Alfeite, Junho de 2011. Convidados: Maria Isabel Vicente Maroto (Universidad de Valladolid), Mariano Esteban Pi\u00f1eiro (Universidad de Valladolid)\u00a0 e Jo\u00e3o Tom\u00e1s do Amaral (Faculdade de Educa\u00e7\u00e3o da Universidade de S. Paulo)<br \/>\n<strong>25\u00ba Encontro:<\/strong> Departamento de Matem\u00e1tica da U. Coimbra\/Museu de Ci\u00eancia da U. Coimbra, Junho de 2012. Convidado: Antoni Malet (Universidad Pompeu Fabra, Barcelona)<br \/>\n<strong>26\u00ba Encontro:<\/strong> Departamento de Matem\u00e1tica da Universidade de Aveiro, Junho de 2013. Convidados: Maryvonne Spiesser (Universit\u00e9 Toulouse III &#8211; Paul Sabatier), Isabel Maroto (Universidad de Valladolid) e Wagner Valente (GHEMAT\/Universidade de S.Paulo)<\/p>\n<p><strong>Encontros Ib\u00e9ricos de Hist\u00f3ria da Matem\u00e1tica<\/strong><\/p>\n<p><strong>1\u00ba Encontro:<\/strong> Santiago de Compostela, 21 a 23 de Janeiro de 2013<br \/>\n<strong>2\u00ba Encontro:<\/strong> realizar-se-\u00e1 em Portugal em 2016, durante o Encontro Nacional da SPM<\/p>\n<p><strong>Encontros Luso-Brasileiros de Hist\u00f3ria da Matem\u00e1tica<\/strong><\/p>\n<p><strong>1\u00ba Encontro:<\/strong> Departamento de Matem\u00e1tica da Universidade de Coimbra, 31 de Agosto a 3 de Setembro de 1993.<br \/>\n<strong>2\u00ba Encontro:<\/strong> \u00c1guas de S. Pedro, S. Paulo, 23 a 26 de Mar\u00e7o de 1997.<br \/>\n<strong>3\u00ba Encontro:<\/strong> Departamento de Matem\u00e1tica da Universidade de Coimbra, 7 a 12 de Fevereiro de 2000.<br \/>\n<strong>4\u00ba Encontro:<\/strong> Departamento de Matem\u00e1tica da Universidade de Rio Grande do Norte, Natal, 24 a 27 de Outubro de 2004.<br \/>\n<strong>5\u00ba Encontro:<\/strong> Cine-Teatro Avenida, Castelo Branco, 3 a 7 de Outubro de 2007.<br \/>\n<strong>6\u00ba Encontro:<\/strong> Universidade Federal de S Jo\u00e3o del Rei, Minas Gerais, 28 a 31 de Agosto de 2011<\/p>\n","protected":false},"excerpt":{"rendered":"<p>Levantamento dos Encontros Nacionais do Semin\u00e1rio Nacional de Hist\u00f3ria da Matem\u00e1tica, com indica\u00e7\u00e3o dos convidados n\u00e3o portugueses. 1\u00ba Encontro: Braga, Universidade do Minho, Abril de 1988. Convidado: Ubiratan D\u2019Ambr\u00f3sio, ent\u00e3o da Universidade de Campinas, Brasil. 2\u00ba Encontro: Lisboa, Complexo Interdisciplinar da Universidade de Lisboa, Novembro de 1988. Convidado: Christian Houzel, da Universidade de Paris XIII.<\/p>\n<p class=\"readmore\"> <a href=\"https:\/\/7encontrolbhm.spm.pt\/site\/encontros-do-snhm\/\" title=\"Read Encontros do SNHM\">Read more&#8230;<\/a> <\/p>\n","protected":false},"author":1,"featured_media":0,"parent":0,"menu_order":0,"comment_status":"open","ping_status":"open","template":"","meta":[],"_links":{"self":[{"href":"https:\/\/7encontrolbhm.spm.pt\/site\/wp-json\/wp\/v2\/pages\/114"}],"collection":[{"href":"https:\/\/7encontrolbhm.spm.pt\/site\/wp-json\/wp\/v2\/pages"}],"about":[{"href":"https:\/\/7encontrolbhm.spm.pt\/site\/wp-json\/wp\/v2\/types\/page"}],"author":[{"embeddable":true,"href":"https:\/\/7encontrolbhm.spm.pt\/site\/wp-json\/wp\/v2\/users\/1"}],"replies":[{"embeddable":true,"href":"https:\/\/7encontrolbhm.spm.pt\/site\/wp-json\/wp\/v2\/comments?post=114"}],"version-history":[{"count":3,"href":"https:\/\/7encontrolbhm.spm.pt\/site\/wp-json\/wp\/v2\/pages\/114\/revisions"}],"predecessor-version":[{"id":126,"href":"https:\/\/7encontrolbhm.spm.pt\/site\/wp-json\/wp\/v2\/pages\/114\/revisions\/126"}],"wp:attachment":[{"href":"https:\/\/7encontrolbhm.spm.pt\/site\/wp-json\/wp\/v2\/media?parent=114"}],"curies":[{"name":"wp","href":"https:\/\/api.w.org\/{rel}","templated":true}]}}