{"id":183,"date":"2014-10-01T11:11:27","date_gmt":"2014-10-01T11:11:27","guid":{"rendered":"http:\/\/7encontrolbhm.spm.pt\/?page_id=183"},"modified":"2014-10-09T11:52:22","modified_gmt":"2014-10-09T11:52:22","slug":"como-chegar","status":"publish","type":"page","link":"https:\/\/7encontrolbhm.spm.pt\/site\/como-chegar\/","title":{"rendered":"Como Chegar"},"content":{"rendered":"<p>V\u00e1 de metro da esta\u00e7\u00e3o do Aeroporto para o Campo Grande (tem de mudar uma vez de linha). Consulte\u00a0 o mapa do metro de Lisboa.<br \/>\nPerto da sa\u00edda da esta\u00e7\u00e3o do Campo Grande (na sa\u00edda que diz &#8220;Campo Grande&#8221;) tem imediatamente \u00e0 esquerda de quem sai a rua onde est\u00e1\u00a0 a paragem das camionetas da empresa Rodovi\u00e1ria do Tejo- R\u00e1pida Verde, na Rua Actor Ant\u00f3nio Silva. Veja o mapa do Campo Grande que tem a esta\u00e7\u00e3o de metro e o Est\u00e1dio Jos\u00e9 Alvalade <a title=\"Mapa Campo Grande\" href=\"http:\/\/7encontrolbhm.spm.pt\/download\/Mapa_Campo_Grande.jpg\" target=\"_blank\">(ver mapa)<\/a>.\u00a0 As camionetas Via R\u00e1pida Verde s\u00e3o as que v\u00e3o com destino a Caldas da Rainha, com paragem em\u00a0 \u00d3bidos. Na saida da camioneta em \u00d3bidos (na Rua Padre Nunes Tavares) sobe as\u00a0 escadas que v\u00e3o dar a Porta da Vila <a title=\"Mapa Porta da Vila\" href=\"http:\/\/7encontrolbhm.spm.pt\/download\/Rua_Padre_Nunes_Tavares_Obidos.jpg\" target=\"_blank\">(ver mapa)<\/a><br \/>\n<a title=\"Metro\" href=\"http:\/\/www.metrolisboa.pt\/informacao\/planear-a-viagem\/?idi=55&amp;idf=26&amp;d=s&amp;v=r&amp;h=1205\" target=\"_blank\"><br \/>\nMetro \u2013 Aeroporto \u2013 Campo Grande Consulte aqui toda a informa\u00e7\u00e3o<\/a><\/p>\n<p><a title=\"Autocarro\" href=\"http:\/\/www.rodotejo.pt\/media\/rapidas\/horario_verde.pdf\" target=\"_blank\">Autocarro \u2013 Lisboa \u2013 \u00d3bidos (Download de pdf)<\/a><\/p>\n<p><a title=\"Mapa Vila de \u00d3bidos\" href=\"http:\/\/7encontrolbhm.spm.pt\/download\/mapa.pdf\" target=\"_blank\">Mapa da Vila de \u00d3bidos (download)<\/a><\/p>\n<p>As auto-estradas A8 (Lisboa-Leiria) e A15 (\u00d3bidos-Santar\u00e9m), bem como o IP6 (Peniche-\u00d3bidos) tornam o acesso a \u00d3bidos extremamente f\u00e1cil.<\/p>\n<p>Aconselhamos as seguintes sa\u00eddas para um acesso mais r\u00e1pido aos parques de estacionamento do evento:<\/p>\n<p>\u00ac A8 Norte \u2013 Sa\u00edda 16 \u2013 Gaeiras\/\u00d3bidos<\/p>\n<p>\u00ac A8 Sul \u2013 Sa\u00edda 15 \u2013 \u00d3bidos<\/p>\n","protected":false},"excerpt":{"rendered":"<p>V\u00e1 de metro da esta\u00e7\u00e3o do Aeroporto para o Campo Grande (tem de mudar uma vez de linha). Consulte\u00a0 o mapa do metro de Lisboa. Perto da sa\u00edda da esta\u00e7\u00e3o do Campo Grande (na sa\u00edda que diz &#8220;Campo Grande&#8221;) tem imediatamente \u00e0 esquerda de quem sai a rua onde est\u00e1\u00a0 a paragem das camionetas da<\/p>\n<p class=\"readmore\"> <a href=\"https:\/\/7encontrolbhm.spm.pt\/site\/como-chegar\/\" title=\"Read Como Chegar\">Read more&#8230;<\/a> <\/p>\n","protected":false},"author":1,"featured_media":0,"parent":0,"menu_order":0,"comment_status":"open","ping_status":"open","template":"","meta":[],"_links":{"self":[{"href":"https:\/\/7encontrolbhm.spm.pt\/site\/wp-json\/wp\/v2\/pages\/183"}],"collection":[{"href":"https:\/\/7encontrolbhm.spm.pt\/site\/wp-json\/wp\/v2\/pages"}],"about":[{"href":"https:\/\/7encontrolbhm.spm.pt\/site\/wp-json\/wp\/v2\/types\/page"}],"author":[{"embeddable":true,"href":"https:\/\/7encontrolbhm.spm.pt\/site\/wp-json\/wp\/v2\/users\/1"}],"replies":[{"embeddable":true,"href":"https:\/\/7encontrolbhm.spm.pt\/site\/wp-json\/wp\/v2\/comments?post=183"}],"version-history":[{"count":7,"href":"https:\/\/7encontrolbhm.spm.pt\/site\/wp-json\/wp\/v2\/pages\/183\/revisions"}],"predecessor-version":[{"id":192,"href":"https:\/\/7encontrolbhm.spm.pt\/site\/wp-json\/wp\/v2\/pages\/183\/revisions\/192"}],"wp:attachment":[{"href":"https:\/\/7encontrolbhm.spm.pt\/site\/wp-json\/wp\/v2\/media?parent=183"}],"curies":[{"name":"wp","href":"https:\/\/api.w.org\/{rel}","templated":true}]}}