{"id":208,"date":"2014-10-14T16:55:02","date_gmt":"2014-10-14T16:55:02","guid":{"rendered":"http:\/\/7encontrolbhm.spm.pt\/?page_id=208"},"modified":"2014-10-14T16:55:02","modified_gmt":"2014-10-14T16:55:02","slug":"ficha-tecnica","status":"publish","type":"page","link":"https:\/\/7encontrolbhm.spm.pt\/site\/ficha-tecnica\/","title":{"rendered":"Ficha T\u00e9cnica"},"content":{"rendered":"<p style=\"text-align: justify;\"><strong>Organiza\u00e7\u00e3o:<\/strong><br \/>\nSociedade Portuguesa de Matem\u00e1tica \/ Semin\u00e1rio Nacional de Hist\u00f3ria da Matem\u00e1tica\u00a0<br \/>\nSociedade Brasileira de Hist\u00f3ria da Matem\u00e1tica<\/p>\n<p><strong>Local:<\/strong><br \/>\nAudit\u00f3rio Municipal, \u00d3bidos\u00a0<br \/>\nMuseu Ab\u00edlio de Mattos e Silva\u00a0<br \/>\nMuseu Municipal de \u00d3bidos<\/p>\n<p><strong>Programa do Encontro<\/strong>\u00a0&#8211;\u00a0<a title=\"Programa Di\u00e1rio\" href=\"http:\/\/7encontrolbhm.spm.pt\/download\/programa\/Programa_Completo_Diario.pdf\" target=\"_blank\">download<br \/>\n<\/a><strong>Sess\u00f5es<\/strong>\u00a0&#8211;\u00a0<a title=\"Programa por salar\" href=\"http:\/\/7encontrolbhm.spm.pt\/download\/programa\/Programa_por_Salas.pdf\" target=\"_blank\">download<\/a><br \/>\n<strong>Apresenta\u00e7\u00e3o de posters<\/strong>\u00a0&#8211;\u00a0<a title=\"Posters\" href=\"http:\/\/7encontrolbhm.spm.pt\/download\/programa\/Apresentac%CC%A7a%CC%83o_de_Posters.pdf\" target=\"_blank\">download<br \/>\n<\/a><br \/>\n<strong>Comiss\u00e3o Organizadora Local:<\/strong><br \/>\nAna Cal\u00e7ada- Coordenadora local\u00a0<br \/>\nCeleste Afonso<\/p>\n<p><strong>Comiss\u00e3o Cient\u00edfica:<\/strong><\/p>\n<p><strong>Em Portugal:\u00a0\u00a0<\/strong><br \/>\nAnt\u00f3nio Canas (Museu da Marinha, Lisboa)\u00a0<br \/>\nHelmuth Malonek (Universidade de Aveiro)\u00a0<br \/>\nHenrique Guimar\u00e3es (Instituto de Educa\u00e7\u00e3o, Universidade de Lisboa)\u00a0<br \/>\nJaime Carvalho e Silva (Universidade de Coimbra)\u00a0<br \/>\nJo\u00e3o Caramalho Domingues (Universidade do Minho)\u00a0<br \/>\nJos\u00e9 Francisco Rodrigues (CMAF\/Universidade de Lisboa)\u00a0<br \/>\nLu\u00eds Saraiva (CMAF\/Universidade de Lisboa, Portugal) &#8211; Coordenador em Portugal<br \/>\n<strong><br \/>\nNo Brasil:<\/strong><br \/>\nAnt\u00f3nio Vicente Marafioti Garnica (Universidade Estadual Paulista, Bauru)\u00a0<br \/>\nCarlos Henrique Gon\u00e7alves (EACH \/ Universidade de S\u00e3o Paulo)\u00a0<br \/>\nIran Abreu Mendes (Universidade Federal do Rio Grande do Norte)\u00a0<br \/>\nL\u00edgia Arantes Sad (Universidade Federal do Esp\u00edrito Santo)\u00a0<br \/>\nS\u00e9rgio Nobre (Universidade Estadual Paulista, Rio Claro)- Coordenador no Brasil\u00a0<br \/>\nTatiana Roque (Universidade Federal do Rio de Janeiro)\u00a0<br \/>\nWagner Rodrigues Valente (Universidade Federal de S\u00e3o Paulo)<\/p>\n","protected":false},"excerpt":{"rendered":"<p>Organiza\u00e7\u00e3o: Sociedade Portuguesa de Matem\u00e1tica \/ Semin\u00e1rio Nacional de Hist\u00f3ria da Matem\u00e1tica\u00a0 Sociedade Brasileira de Hist\u00f3ria da Matem\u00e1tica Local: Audit\u00f3rio Municipal, \u00d3bidos\u00a0 Museu Ab\u00edlio de Mattos e Silva\u00a0 Museu Municipal de \u00d3bidos Programa do Encontro\u00a0&#8211;\u00a0download Sess\u00f5es\u00a0&#8211;\u00a0download Apresenta\u00e7\u00e3o de posters\u00a0&#8211;\u00a0download Comiss\u00e3o Organizadora Local: Ana Cal\u00e7ada- Coordenadora local\u00a0 Celeste Afonso Comiss\u00e3o Cient\u00edfica: Em Portugal:\u00a0\u00a0 Ant\u00f3nio Canas (Museu<\/p>\n<p class=\"readmore\"> <a href=\"https:\/\/7encontrolbhm.spm.pt\/site\/ficha-tecnica\/\" title=\"Read Ficha T\u00e9cnica\">Read more&#8230;<\/a> <\/p>\n","protected":false},"author":1,"featured_media":0,"parent":0,"menu_order":0,"comment_status":"open","ping_status":"open","template":"","meta":[],"_links":{"self":[{"href":"https:\/\/7encontrolbhm.spm.pt\/site\/wp-json\/wp\/v2\/pages\/208"}],"collection":[{"href":"https:\/\/7encontrolbhm.spm.pt\/site\/wp-json\/wp\/v2\/pages"}],"about":[{"href":"https:\/\/7encontrolbhm.spm.pt\/site\/wp-json\/wp\/v2\/types\/page"}],"author":[{"embeddable":true,"href":"https:\/\/7encontrolbhm.spm.pt\/site\/wp-json\/wp\/v2\/users\/1"}],"replies":[{"embeddable":true,"href":"https:\/\/7encontrolbhm.spm.pt\/site\/wp-json\/wp\/v2\/comments?post=208"}],"version-history":[{"count":1,"href":"https:\/\/7encontrolbhm.spm.pt\/site\/wp-json\/wp\/v2\/pages\/208\/revisions"}],"predecessor-version":[{"id":209,"href":"https:\/\/7encontrolbhm.spm.pt\/site\/wp-json\/wp\/v2\/pages\/208\/revisions\/209"}],"wp:attachment":[{"href":"https:\/\/7encontrolbhm.spm.pt\/site\/wp-json\/wp\/v2\/media?parent=208"}],"curies":[{"name":"wp","href":"https:\/\/api.w.org\/{rel}","templated":true}]}}